tors of w(i)?
3, 5
Let h(g) = 2*g - 7. Let z(s) = -s**2 + 6*s - 3. Let p be z(4). List the prime factors of h(p).
3
List the prime factors of -9*(1 - ((-220)/3)/(-5)).
3, 41
Suppose -15 = 4*u - 7*u. Let k(t) = 0 + 2 - u + t. List the prime factors of k(5).
2
Let i(z) be the second derivative of 0 - 3*z**2 - z**3 - 3*z + 1/12*z**4. List the prime factors of i(8).
2, 5
Suppose 4*q = 5*u + 16, -3*u = -7*u + 16. List the prime factors of q.
3
Suppose 4*q + 0*q + 552 = 0. Let j = -89 - q. List the prime factors of j.
7
Suppose 5*o - 2*n - 18 = 0, -4*o = -o + n - 13. Suppose -2*l - 70 = -7*l + o*t, 4*t + 50 = 3*l. List the prime factors of l.
2, 5
Suppose 2*z - 78 = -2*c, 2 + 13 = 3*z. What are the prime factors of c?
2, 17
Let t = 33 + 60. What are the prime factors of t?
3, 31
Let d = 8 - -6. List the prime factors of d.
2, 7
Suppose 3*g - 4 = 11. Suppose -g*x + 23 = 113. List the prime factors of 0/2 - (x + 5).
13
Let a = -12 + 26. What are the prime factors of a?
2, 7
Let o be (2/2)/(30/25 + -1). Let w be 2*-1*7/2. Let j = o - w. What are the prime factors of j?
2, 3
Suppose 5*j + 4*i - 71 = 420, 0 = -j - 4*i + 95. List the prime factors of j.
3, 11
Suppose 2 = -p, 5*p - 130 = -0*b - 4*b. Suppose -9 = 2*l - b. List the prime factors of l.
13
Let o = -43 - -99. What are the prime factors of o?
2, 7
Let a(y) = -2*y**3 + 4*y**2 + 2 + y**3 + 5*y**3 - 3*y**3. Suppose -13 = f - 5*c, -2*f + 0*f + 2 = 4*c. List the prime factors of a(f).
11
Suppose -y = -3*j - 78, -5*y = 5*j - 0*j - 310. What are the prime factors of y?
2, 3, 11
Let n(i) = 0 + 1 - 3*i + 2 - 5. Suppose -1 = -2*o + a - 2, -2*a = 2*o + 10. List the prime factors of n(o).
2
Let g(a) = -a**2 - 17*a - 12. Let c be g(-16). List the prime factors of -2 - -31 - c/(-2).
31
Let c(u) = 7*u + 6. Let w(h) = 8*h + 5. Let p(z) = 4*c(z) - 5*w(z). What are the prime factors of p(-1)?
11
Suppose -5*w + 9*w + 8 = 0. Let t(l) = -7*l - 1. What are the prime factors of t(w)?
13
Let g(i) = -i**2 + i + 6. Let c be g(0). Suppose c*u - 2*u - 88 = 0. List the prime factors of u.
2, 11
Let w(o) = -o**3 + 5*o**2 + 7*o + 1. Let t be w(6). Let l = -2 + t. Suppose 2*r - 16 = -l*v, -r + 8 = v + r. What are the prime factors of v?
2
Suppose 49 = -3*m + 4*m. List the prime factors of m.
7
Let h(t) = t**3 - 6*t**2 - 4*t - 10. Let q be h(7). Let c = q - 7. Suppose 65 = c*n + 17. List the prime factors of n.
2, 3
Let w(u) = -5*u - 9. Let j be w(-6). List the prime factors of 2/7 + 36/j.
2
Let h = 2 + -8. Suppose 28 = -3*y + 5*d, -5*d - 28 - 10 = 3*y. Let n = h - y. List the prime factors of n.
5
Let f = 28 + -24. Suppose -210 = -o - f*o. List the prime factors of o.
2, 3, 7
What are the prime factors of (-2)/(-8) - (-11070)/72?
2, 7, 11
List the prime factors of (42/4)/(18/384).
2, 7
Let p be ((-3)/6)/(2/64). Let b = -67 + 94. Let l = b + p. What are the prime factors of l?
11
Let b(o) = o**3 + 10*o**2 - 3*o + 3. Let w(q) = q**3 + 9*q**2 - 4*q + 4. Let n(m) = -3*b(m) + 4*w(m). List the prime factors of n(-7).
7
Let b be (-2)/(-13) - 168/78. List the prime factors of b/10 + (-81)/(-5).
2
Let i(l) = -l**3 + 9*l**2 - 7*l + 9. Let b be i(6). Let d = b - 42. List the prime factors of d.
3, 11
Suppose 5*m - 1 + 16 = 0. List the prime factors of 12 + 1 + 0 + m.
2, 5
Let u be 0 - 4 - (-11 - -5). List the prime factors of u/(6/4 - 1).
2
Suppose -6*q + 4*q = -50. What are the prime factors of q?
5
Let c(n) = n**3 - 6*n**2 + 4*n + 7. Let w be c(5). Suppose 0 = -4*i + w*i + 50. What are the prime factors of (20/i)/((-1)/(-5))?
2
Suppose 3*m - 5*o = 104, 2*m - 2*o - 121 = -45. What are the prime factors of m?
43
Suppose 0 = 4*m + 12 - 32. Suppose -m*q + 19 - 4 = 0. Let x(v) = 4*v. What are the prime factors of x(q)?
2, 3
Let t(o) = o**3 - 4*o**2 + 2*o. Let c be t(3). Let z = c + 20. What are the prime factors of z?
17
Let l = -32 + 46. Let t = 7 + -7. Suppose w + t*w = l. What are the prime factors of w?
2, 7
Suppose 0 = m + 2*m - 30. Let w be 12/20 - 16/m. List the prime factors of w*51/((-6)/2).
17
Let v be 0 + 3 + -5 + 5. Suppose -r + 0*r = d - 7, v*d + 2*r = 18. List the prime factors of d.
2
Suppose -2 = -z + 2. What are the prime factors of z?
2
Let w(g) = 0*g**2 + 4*g**2 + 4 + 3*g - 4*g**2 + g**2. What are the prime factors of w(-5)?
2, 7
Let v be 0 - -14*4/8. Suppose -2*p = -v*p + 65. What are the prime factors of p?
13
Let t(h) = -h + 10. Suppose s - 10 = 3*b - 0*s, -b = -2*s + 10. Let u be 1 + b - (-6 - 0). What are the prime factors of t(u)?
5
Let w(q) = q**2 + 9*q + 10. Let l be w(-8). Let o(m) = 2*m + 8*m + m**l + 2*m + 1 - 4*m. What are the prime factors of o(-9)?
2, 5
Let c(w) = -w**2 - w + 2. Let f be c(0). Suppose f*l + 5*d - d = -8, 0 = -5*l - 2*d + 20. Suppose v + l = 3*v. List the prime factors of v.
3
Let y = 8 - -33. List the prime factors of y.
41
Suppose 0 = 3*f - 2*f - 5. Suppose -5*m = -25, f*w - 6*m = -2*m + 10. List the prime factors of w.
2, 3
Let r be 146/8 - 2/8. Let u = r - 0. What are the prime factors of (u/8)/(6/16)?
2, 3
Let s(j) = j**3 + 8*j**2 - 10*j. Let n(z) = -6*z + 3. Let p be n(2). What are the prime factors of s(p)?
3
Let c = -137 + 219. What are the prime factors of c?
2, 41
Let t(d) = -2*d + 5. What are the prime factors of t(-15)?
5, 7
Let y be 16/40 - 28/(-5). Suppose y*t = t + 15. What are the prime factors of t?
3
Let r(i) = 2*i**3 + 2*i**2 + 9. What are the prime factors of r(4)?
13
List the prime factors of 6 - 3 - 2 - -1.
2
Let p(h) = -29*h**3 + h**2 + 3*h. List the prime factors of p(-2).
2, 5, 23
Suppose -150 = -4*g + 198. List the prime factors of g.
3, 29
Let v(t) = -t**2 + 4*t. Let x be v(3). Let q = 6 - x. List the prime factors of 21/q + -2*1.
5
Suppose 5*u - 5*h - 20 = 0, 1 = -4*u + 5*h + 18. Let f(x) = 0*x - u*x + 4*x + 5 + x. List the prime factors of f(4).
13
Let c(q) = -1 + 0 + q**2 + 4 - 5*q. List the prime factors of c(7).
17
Let j(h) = h**2 + 5*h - 12. What are the prime factors of j(7)?
2, 3
Let d be -1*(-1)/((-2)/(-2)). Suppose d = -4*u + 57. Suppose 13 = 3*w - u. List the prime factors of w.
3
Suppose 4*q = r - 5*r - 12, -r - 3 = 0. List the prime factors of q - -2*9*1.
2, 3
Let b be -2 + -1 + 11 + 1. Let o = b + 1. What are the prime factors of o?
2, 5
List the prime factors of (128/(-10))/((-34)/85).
2
Suppose -2*g + 27 = -17. What are the prime factors of g/((-5)/(-2) + -2)?
2, 11
Let h = 4 - -1. Suppose 3*r + 3*o - 29 = -2*o, -h*r - 5 = -5*o. List the prime factors of (-4)/6 - (-41)/r.
13
Let f(d) = 69*d**2 - 6*d + 2. List the prime factors of f(1).
5, 13
Let d(m) = -m - 4. Let o be d(-7). Suppose 3*l + 6 = 3*k, o*k + 10 = k - 5*l. What are the prime factors of 4 + -2 - (k + -11)?
13
Let o = -54 - -303. What are the prime factors of o?
3, 83
Let z(m) = -2*m - 3. Let g be 2/(-5) - 14/(-10). Let s be 1*3 + g + -11. List the prime factors of z(s).
11
Let p(l) = -2*l**2 + 269. What are the prime factors of p(0)?
269
Suppose -3*n + 64 + 290 = 0. What are the prime factors of n?
2, 59
Let y(p) = 2*p. Let b be y(6). What are the prime factors of (9/b)/((-1)/(-28))?
3, 7
Let k = -5 + 9. Suppose 4*c - k = g + 3*g, -5*g - 15 = 5*c. What are the prime factors of (-1 - g) + (-14)/(-2)?
2
Let i(w) = -w**2 - 3*w. What are the prime factors of i(-2)?
2
Suppose -2*t - t = 5*q - 18, 5*t = 5. What are the prime factors of q?
3
Suppose -15*u + 14*u + 39 = 0. What are the prime factors of u?
3, 13
Let z = -37 - -75. What are the prime factors of z?
2, 19
Suppose 0 = -5*h + 4*u + 625, -2*h + 5*u + 278 = 9*u. List the prime factors of h.
3, 43
Let v(f) = 5 + 3*f + 6*f**2 - 4*f**2 - 2*f - 4 - f**3. Let r be v(2). Suppose r*i - 73 = -28. What are the prime factors of i?
3, 5
Let c(r) be the second derivative of r**3/3 + r**2 - 3*r. List the prime factors of c(6).
2, 7
Let x(n) = n**2 - 9*n + 8. Let s be x(8). Let q(f) = f**2 + 6. What are the prime factors of q(s)?
2, 3
Let f(v) = v**2 - 5*v + 32. List the prime factors of f(-10).
2, 7, 13
Suppose -5*u = 5*g - 20, g + g + 5*u = 11. Suppose 5*p - 15 = 0, g*p - 108 = -5*j + 2*p. List the prime factors of j.
3, 7
Let s = 202 - 100. List the prime factors of s.
2, 3, 17
Suppose -3*x = 4*v - 15, 2*v = 3*x - v - 36. Suppose x*f + 4*d = 4*f + 23, 8 = 2*f + d. List the prime factors of f/3 + 13 - 3.
11
Suppose 1 = u - 1, -5*u + 7 = -t. Supp